.
43
Let c be (-624)/273*11/(-2)*(75 + -68). Let d(y) = 2*y**3 + y**2 + y - 2. Let l be d(3). What is the greatest common factor of l and c?
8
Suppose -4*z + 2*o + 126 = 0, -3*o + 57 = -3*z + 150. Let x = -561 - -849. Calculate the greatest common factor of z and x.
32
Let m = -49 - -97. Let a(k) = -k**3 + 6*k**2 - k - 8. Let b be a(5). Suppose b*d - 12 = 11*d. What is the highest common divisor of m and d?
12
Let z be (-27 - -27) + 76/8*22. Calculate the greatest common divisor of z and 1539.
19
Let c = 401 + -177. What is the greatest common divisor of c and 504?
56
Let n = 1687 - 1667. Let b be (32 - 11)*60/7. Calculate the greatest common divisor of n and b.
20
Suppose -29*t = -113*t + 10164. Calculate the highest common divisor of 539 and t.
11
Let v be (-21)/24*-458 - (-321)/(-428). What is the highest common factor of 425 and v?
25
Suppose -109165 = -237*g + 361043. What is the greatest common divisor of g and 608?
32
Let u(i) = i**3 + i**2 - i + 2. Let t be u(4). Let c be (2 - 5)/(9/(-78)). What is the highest common factor of t and c?
26
Suppose 5*g + 4*w - 201378 = 0, 50*w = 49*w - 8. Calculate the highest common factor of g and 22.
22
Suppose c - 3*d = -3, 0*d = c - 2*d. Let f be (-28)/((6 - c) + -2). Calculate the highest common divisor of 266 and f.
14
Suppose 2*z = -2*i + 320, 5*z - 9*z = 3*i - 472. Calculate the greatest common divisor of i and 348.
12
Suppose 17*t - 11*t + 17 = -5*v, 0 = -5*v - 4*t - 3. Calculate the highest common divisor of 500 and v.
5
Suppose -506 = -31*u - 258. Let n = 3 - 2. What is the greatest common divisor of n and u?
1
Let n be (1 - -1)/(3 + -1). Let o be 47376/180 + (2/10)/(-1). Suppose 63 - o = -25*s. Calculate the highest common factor of s and n.
1
Suppose -22*u + 14 = -8*u. Let y(j) = 24*j - 22. Let l be y(u). Suppose 7 = 5*h - 8. What is the highest common factor of l and h?
1
Suppose 4*j - 684 = -4*q, 4*q = j - 199 + 888. Calculate the highest common divisor of 3526 and q.
86
Suppose -q + 0*q - 25 = 0. Let t = q - -67. Let u(d) = -33*d - 236. Let r be u(-8). Calculate the greatest common factor of r and t.
14
Let a be (-12)/(-16) - (1 - 13/4). Suppose a*j = -3*q + 75, 6*j - 4*j - 32 = 4*q. Suppose 17*l = j*l - 70. Calculate the highest common factor of 98 and l.
14
Suppose -66*k + 6016 = 28*k. What is the highest common divisor of 248 and k?
8
Let g(m) = -m - 20. Let i be g(-16). Let v be ((-4)/3 - 0)/(i/12). Suppose 66 = 3*d + 3*q, v*d + 0*q - 98 = q. What is the greatest common divisor of d and 6?
6
Suppose -35615 = -4*u - 3*s, 6*s = -u + 11*s + 8852. Calculate the greatest common divisor of u and 1148.
287
Let i be (1/(-18)*-6)/(1/(-3)). Let b be i - (20/25 + (-252)/15). What is the highest common factor of 3 and b?
3
Let s(b) = -57*b + 1667. Let y be s(-11). Calculate the highest common divisor of 148 and y.
74
Suppose -54 = -2*z - 4*a, 13*z = 9*z - a + 136. What is the greatest common divisor of 133 and z?
7
Let v = 707 + -402. Calculate the highest common divisor of 95 and v.
5
Let z(y) = -3689*y**3 + y**2 - y - 1. Let w be z(-1). Let u be w/16 - 66/(-176). Calculate the greatest common factor of u and 105.
21
Let y = -633 + 662. Suppose -2*a + 4*c - 9*c + y = 0, 0 = 3*a + 3*c - 57. Calculate the greatest common factor of 671 and a.
11
Let m be ((-48)/5)/(640/(-112000)). What is the greatest common divisor of 35 and m?
35
Let x = -1121 + 2036. Calculate the greatest common divisor of x and 15.
15
Suppose -117*i + 3*l - 71814 = -121*i, -5*l + 53844 = 3*i. What is the highest common divisor of i and 492?
246
Let m = 1670 - 1593. Let o(f) = 2*f - 7. Let c be o(5). Suppose 0 = -n - c*n + 44. Calculate the highest common factor of m and n.
11
Let u(r) = 14*r**3 + 5*r**2 - r. Let i be u(2). Let v = 131 + -92. Calculate the greatest common factor of v and i.
13
Let x = -134 + 730. Calculate the highest common factor of 8 and x.
4
Let j = -24 + 26. Suppose 0*t + 5*l + 235 = 5*t, 0 = -t + j*l + 52. Suppose 1728*a - 441 = 1721*a. What is the greatest common factor of a and t?
21
Let k be (1/6*10530/468)/((-5)/360*-10). Let g(a) = 16*a**2 + 2. Let l be g(-2). Suppose -l = -5*z + 69. What is the greatest common divisor of z and k?
27
Let g(w) = -w**3 - 2*w**2 - 1. Let n be g(-3). Suppose -2333*i + 2431*i = 18032. Calculate the highest common factor of i and n.
8
Let h(n) = n**3 - 17*n**2 - 54*n + 264. Let d be h(20). What is the highest common factor of 40 and d?
8
Let q(n) = 223*n**2 + 2*n + 3. Let u be q(-1). Let z = -2369 + 2465. What is the highest common divisor of z and u?
32
Suppose -1478 - 107 = -5*q - 5*a, -3*q - 4*a + 956 = 0. Calculate the highest common factor of q and 1144.
104
Let h = 1296 - 1116. What is the highest common divisor of 80 and h?
20
Let g be (16/(-16))/(1/2). Let f(m) be the first derivative of -8*m**2 + 4*m - 1. Let u be f(g). What is the greatest common factor of u and 12?
12
Suppose 0 = -40*k + 5056 - 456. Let i be (-2 - -3) + -14 + 38. Calculate the highest common divisor of k and i.
5
Let y(q) = -8*q - 42. Let z be y(15). Let p = 172 + z. What is the greatest common factor of p and 20?
10
Let n be ((-12)/7)/(15/(-350)). What is the highest common divisor of 228 and n?
4
Let l = 258 + -128. Suppose -4*p = -z - 25, -3*p + 21 = 3*z - 9. Suppose 2*o - 44 = -5*m, 4*m - 4*o + 18 = p*m. Calculate the greatest common factor of m and l.
10
Let c = 88 + -86. Suppose -4*d + 24 = -3*z - c, -d = -2*z - 14. Let o be (-1 + 13)/((-5)/(40/z)). What is the highest common divisor of 24 and o?
8
Let l = -264 + 268. Suppose 0 = -p + 2*g + 2, -8*p - l = -10*p + 2*g. What is the greatest common factor of 6 and p?
2
Let l(f) = -2*f**3 - 3*f**2 - f + 3. Let p be l(-3). Suppose -g - 615 = -619, -y + 32 = -3*g. What is the greatest common divisor of y and p?
11
Suppose 0 = 3*l - 9, -3*q - l + 59 = q. Let b be (-1028)/q + (-6)/(-14). Let g = b - -105. Calculate the highest common divisor of 4 and g.
4
Suppose 19*l - 20 = 15*l. Suppose 0 = l*w + 701 - 1326. What is the greatest common divisor of 10 and w?
5
Let h(p) = p**3 - 13*p**2 + 18*p - 63. Suppose 10*i - 71 = 49. Let m be h(i). Calculate the highest common factor of 441 and m.
9
Let y(v) = -v**2 + 11*v + 10. Let x be y(11). Suppose -x - 20 = -3*g. Let f be (36/g)/(2 - (-27)/(-15)). What is the greatest common factor of f and 27?
9
Suppose 5*c - 54 = -4*p, 81*c = -p + 82*c. Calculate the highest common factor of 37 and p.
1
Let g(j) = 581*j**2 + 101*j - 201. Let q be g(2). Calculate the greatest common divisor of 589 and q.
31
Suppose -356*d - 3*x = -358*d + 344, d + 2*x - 200 = 0. What is the highest common divisor of 8878 and d?
46
Let s(l) = l**3 - l**2 + 1. Let c be s(0). Let a = c - -3. Suppose 6719 = 680*k - 83*k - 8803. What is the highest common divisor of a and k?
2
Suppose -3*p + d = 365 - 1280, -2*d + 924 = 3*p. Calculate the greatest common divisor of 6579 and p.
153
Suppose -111088 = -99*l - 24562. Calculate the greatest common divisor of l and 322.
46
Let w be (-18)/30 - -2699*(-48)/(-20). Calculate the highest common divisor of w and 102.
51
Suppose -2*y = 5*z - 836 + 84, z = 4*y - 1460. Calculate the greatest common factor of y and 54.
6
Let j be ((-525)/140)/((-1)/96). Calculate the highest common divisor of 324 and j.
36
Let c = -26539 - -26766. What is the highest common divisor of c and 2?
1
Let j be 4/(-9) - 29920/(-495). Calculate the greatest common divisor of 660 and j.
60
Let u(w) = -577*w + 759. Let y be u(1). What is the highest common divisor of y and 3250?
26
Let g = 129 - 733. Let m = g + 616. What is the highest common factor of 36 and m?
12
Suppose m + 3*m = 828. Suppose -9*k - 8*b = -1131, -3*b = 4*k - 173 - 323. Calculate the highest common divisor of m and k.
23
Suppose 0 = -6*o + 16*o - 30. Let k be o/((-2)/(-5)*69/736). Calculate the highest common divisor of k and 32.
16
Let d = 10153 - 3659. What is the highest common divisor of d and 34?
34
Let d = -324 - -741. Suppose -3*k - 125 = 4*j - 458, 5*j - d = -3*k. Calculate the highest common divisor of j and 21.
21
Let w(s) = 328*s**2 + 155*s - 214. Let x be w(-7). What is the greatest common factor of x and 374?
187
Let d be 1/13 - (194560/104)/(-16). Let x = -46 + 72. What is the highest common divisor of d and x?
13
Let a(o) = 5*o**2 + 59*o + 61. 